d derivative of -1/20*n**5 + 2*n**2 - n + 1/6*n**3 - 1/3*n**4 + 0. What is w(-3)?
-8
Let z = 0 + 0. Let o(b) = 5 + 6 + z*b - 3 + b. Determine o(-6).
2
Let o(a) = a**3 - 4*a + 7*a + a + 6*a**2 + 5. Let t(f) = -f**2 + 11*f - 5. Let n be t(5). Suppose -2*d - n = 3*s, 9*s - 4*s + 3*d + 40 = 0. Give o(s).
10
Let z(p) = 7*p**3 + 8*p**2 - 4*p + 1. Let n(m) = -1 - 5*m**3 - 3*m**2 - m**3 - 4*m**2 + 3*m. Let g(o) = -6*n(o) - 5*z(o). What is g(-2)?
-3
Let w(l) = -l**2 - 3*l + 5. Let x be -5 + (0 - 2*3/6). What is w(x)?
-13
Suppose 3*u - 20 = 8*u. Let b = u - -8. Let q = b - 2. Let c(m) = 2*m**3 - 2*m**2 + 1. Determine c(q).
9
Let n(k) be the first derivative of k**3/3 + 3*k**2/2 - 3*k + 2. Let q = 0 + 2. Determine n(q).
7
Let p(y) = y**2 + 4*y. Let a be (-6)/(-9)*-1*-30. Suppose -3*w - 1 = -13. Suppose w*c + a - 4 = 0. Determine p(c).
0
Suppose -5*p + 41 = -24. Let h = -17 + p. Let k(w) = 4*w - 2*w**2 - 2 - 3 + 3*w**2. Determine k(h).
-5
Let k = 5 - 4. Let v(i) = -3*i - i**2 - 3 + k - i**2. Let p(l) = l**2 + 4*l + 1. Let a be p(-3). Calculate v(a).
-4
Let v = 35 + -31. Let s(p) = 8*p**2 - 13*p + 12. Let w(k) = -7*k**2 + 12*k - 11. Let y(g) = 6*s(g) + 7*w(g). Determine y(v).
3
Let v(n) = 0*n**2 + n**2 - 5 + 4 + 2*n. Let u be v(-3). Let x(f) = -3 + f**3 - f + 5*f + 2 + 4*f**u. Calculate x(-3).
-4
Let l(s) = -s**2 + 5*s - 7. Let d(c) = 12*c**3 + 1. Let x be d(1). Let u = -5 - 3. Let k = u + x. Give l(k).
-7
Suppose 0 = 4*p - 2*v + 28, -2*v + 18 = -2*p - 0*v. Let c(r) = -5*r + 3. Let h(l) = -4*l + 2. Let x(b) = -3*c(b) + 4*h(b). What is x(p)?
4
Let y(k) = -5*k. Let q = -11 - -13. Suppose -3*a + 1 = -q. Give y(a).
-5
Let m(z) = -6*z**3 - z**2 + z. Let i be m(1). Let v(x) = -x**3 - 7*x**2 - 5*x + 4. Calculate v(i).
-2
Let f(h) = -2*h**2 + 52*h - 55. Let p be f(25). Let d(n) = -3*n - 2 + n**3 - 2*n**3 + 8 - 6*n**2. Calculate d(p).
-4
Let j(g) = -2*g**2 - 2*g - 1. Let v = 8 - 4. Suppose -v*p - 11 = -s, -2*p = 2*s - 1 - 1. Let k be 1 - s - (-2 - -2). What is j(k)?
-5
Suppose -5*y - 4*l = -2, -5*y = 2*l + 3*l. Let t = y + 0. Let q(s) = s**2 - 2 + 3*s**2 - 3*s**t - 3*s. What is q(3)?
-2
Let q(f) = 2*f**3 + 9*f - 5. Let n(d) = -d**3 - 5*d + 3. Let c(l) = 11*n(l) + 6*q(l). Calculate c(0).
3
Let z(n) = -n**2 + 9*n - 8. Let u(k) = 2*k**3 + 16*k**2 + 12*k - 7. Let r be u(-7). Determine z(r).
6
Let h be -1*(-14)/2*1. Let j(b) = -4*b + 10. What is j(h)?
-18
Let p = -2489/30 + 83. Let t(c) be the third derivative of -1/6*c**3 - p*c**5 - 1/120*c**6 + 0*c + c**2 - 1/8*c**4 + 0. Calculate t(-2).
5
Let k(s) = -s - 6. Let q(x) be the third derivative of 5*x**3/6 - 2*x**2. Let u(t) = 2*k(t) + 3*q(t). What is u(4)?
-5
Let m(j) be the third derivative of j**6/120 + j**5/15 + j**4/24 + j**3/2 - 2*j**2. Suppose -3*r = 5*f + 27, 0 = -2*r + 3*f - 2*f - 5. Calculate m(r).
-1
Let x = 24 + -19. Let h(g) = 2 + 3 - x - 5*g. What is h(1)?
-5
Let f(x) = 0*x**3 - x + 1 - 3*x + x**3 + 5*x**2 - 4*x. Give f(-6).
13
Let u be (-8)/(-36) - 58/18. Let x(g) = g**3 + 6*g**2 - 4*g**2 + g**2 + 2*g. What is x(u)?
-6
Let f(a) = a**3 - 3*a**2 - 4*a + 5. Suppose -3*x = -2*m - 12, -4*x - 2*m + 16 = 2*m. Determine f(x).
5
Let c(j) = j - 3. Let p be c(5). Let s = 1 - p. Let k(n) be the second derivative of 5*n**3/6 - n**2/2 - 2*n. What is k(s)?
-6
Let c(n) = 7*n**3 - 10*n**2 + 3*n + 25. Let h(d) = -3*d**3 + 5*d**2 - 2*d - 12. Let q(r) = 4*c(r) + 9*h(r). Calculate q(-6).
-8
Let z(m) = m + 4. Let j = -24 + 18. What is z(j)?
-2
Let m(s) = -s + 1. Let c(b) = 7*b - 6. Suppose x - 5*w + 5 + 9 = 0, 2 = -3*x + 5*w. Let y(h) = x*m(h) + c(h). Determine y(5).
5
Let v(y) = y**2 + 6*y - 7. Let o be v(-7). Suppose -3*l = -o*l + 12. Let k(s) = s + 2. Calculate k(l).
-2
Let t(c) = c**2 + 6*c + 8. Suppose 6*j + 5 = 7*j. Suppose 3*s = 5*g - 28, s - j*g + 16 + 0 = 0. What is t(s)?
8
Let t(q) = 4*q**2 - 2 - 5*q**2 - 1 + q**3 - 4*q**2. Let r(g) be the second derivative of g**4/12 + g**3/6 + 5*g**2/2 + g. Let p be r(0). Give t(p).
-3
Let f(x) = 3*x**2 + x - 1. Let l(z) = -8*z**2 + 3*z + 2. Let i(j) = -8*j**2 + 4*j + 2. Let p(k) = 5*i(k) - 6*l(k). Let u(b) = 11*f(b) - 4*p(b). Calculate u(-5).
7
Let b be (-141)/(-18) + 2/12. Suppose -3*y = -b*y - 20. Let f(v) = v**3 + 5*v**2 + 3*v. What is f(y)?
4
Let d(n) = 13 - 23 + 15 - n**2 + 5*n. Give d(5).
5
Let c be -2 + 2 + 2 + -2. Let r(z) = -2*z**3 - 5*z**2 + 3 + z**3 - z + 0*z**3 + c*z**3. Let b be 1 + (2 + -1 - 7). Give r(b).
8
Let c(f) = 9*f. Suppose -n + 0*n - 1 = 0. What is c(n)?
-9
Let o(u) = u**3 + u**2. Let p(y) be the first derivative of -y**2 + y - y**4 - 5/3*y**3 + 1. Let x(s) = -6*o(s) - p(s). Determine x(1).
-2
Suppose -c + 3*c = 0. Let i(k) = -3*k + 15. Let t(o) = -7*o + 31. Let p be 3 + 10*-1 + 3. Let h(v) = p*t(v) + 9*i(v). What is h(c)?
11
Let p(z) = -z**3 - 3*z**2 - 2*z + 2. Let l = 32 + -35. Give p(l).
8
Suppose 3*u - 17 = 2*u. Suppose -3*n + u = 2. Let s(v) be the third derivative of v**5/60 - 5*v**4/24 + 2*v**3/3 - 3*v**2. What is s(n)?
4
Let s(w) = -w**3 - 5*w**2 - 1. Let v(r) = r**3 - r**2 - 1. Let b(g) = 3*g**3 + 4*g**2 + 6*g - 2. Let x(m) = b(m) - 2*v(m). Let c be x(-5). Determine s(c).
-1
Let a(w) be the first derivative of w**2 + 3*w - 1. Let v(k) = -2*k**2 - 8*k + 20. Let y be v(-6). Calculate a(y).
-5
Let g(f) be the third derivative of -f**4/24 + 7*f**3/6 + f**2. Let y(b) = 2*b - 4. Let h be y(4). Calculate g(h).
3
Let c(z) = -z**2 + 5*z - 7. Let u(l) = l + 19. Let a be u(-14). Give c(a).
-7
Let q(t) = t**3 + 10*t**2 + 10*t + 9. Let w be q(-9). Let o(r) = 3 - r - 5*r**2 - 6 + 6*r**2. Give o(w).
-3
Let s = -6 + 10. Let c(x) = -x**3. Let f(j) = 5*j**3 + 5*j**2 + 4. Let h(z) = s*c(z) + f(z). What is h(-5)?
4
Let q be 0 + 1/(-1) - -3. Let c(n) = 3*n**2 + 3*n**q + 0*n**2. What is c(1)?
6
Suppose -4*z + g + 3*g - 12 = 0, 4*g = -4*z + 28. Let c(b) = 3 + 7*b + 2 + 0 + b**z. Suppose -3*q - 20 = -5. Calculate c(q).
-5
Let z(d) = d**3 + 3*d**2 + 2*d + 3. Let q be 33/(-9) + 10/15. Calculate z(q).
-3
Let a(z) = z**2 - 5*z - 1. Let w be -1*1 - (-9)/3. Suppose w*t - 7 = 3. Give a(t).
-1
Let q(g) = 4*g**2 - 2*g + 1. Let j be q(1). Suppose t = 2, 3*i - 10 = -5*t + 3*t. Let u(w) = i*w**2 + 0 + 3 - w**3 - 5 + 3*w. Calculate u(j).
-2
Let w(a) = -a**2 - 7*a - 6. Suppose -2*q - 43 = -x + 3*q, 0 = 4*x + 5*q - 272. Suppose 3*c - x + 15 = 0. Let z = -22 + c. Give w(z).
0
Let p(k) = k - 5*k + k - 6 + k. Calculate p(-4).
2
Let u(i) = i**3 + 6*i**2 + 3. Let n(l) = -l**2 - 13*l - 5. Let t be n(-5). Suppose -3*q - 5*p + 6 = -1, -5*q - t = -p. Determine u(q).
3
Let r = 22 - 28. Let n(v) = 2*v - 4. Let u be n(-3). Let w = r - u. Let b(s) = s**2 - 6*s + 6. What is b(w)?
-2
Let y(l) = -l**2 + l - 3. Let m be y(0). Let i(c) = 2 + c**2 - 1 + 4*c - 3*c + 0*c**2. Determine i(m).
7
Let j(h) be the third derivative of -h**5/60 + h**4/8 + 2*h**2. What is j(4)?
-4
Let r(j) = -j**3 + j - 2. Let s(k) = -k**2 - 4*k - 3. Let i be s(-3). Let a be r(i). Let d(b) = -3*b + 3 - 4 + 2. What is d(a)?
7
Let w be 0/(-12) + 5*-1. Let t(n) = 3*n**2 - 6*n**2 - 7*n + 2*n**2 - 4. Calculate t(w).
6
Let s = -8 + 9. Let i(p) = p**2 - 3*p - 5. Let l be i(4). Let j be (l - s) + (3 - 1). Let t(u) = -u - 4. Give t(j).
-4
Let g(k) = -22 + 1 - k + 4. Determine g(0).
-17
Let y(g) = g**3 - g**2 - g + 1. Suppose 3*k + 9 = -r, -15 = 5*k - 0*k. Let u be (r/(0 - 1))/1. Give y(u).
1
Let g(j) = -2*j**2 - 6*j - 1. Let w be (-2)/(1/(-6)*-3). Let r be (2*2)/(w/4). What is g(r)?
-9
Let h(x) be the first derivative of 8 + 0*x**2 - 7/4*x**4 + 0*x**3 + 0*x. Determine h(-1).
7
Let x(i) = -i + 10. Let n(a) = 2*a - 21. Let h(z) = -3*n(z) - 7*x(z). Determine h(5).
-2
Let g(p) = -p - 6. Suppose 5*d = -3*u - 15, -4*u = -2*d - 1 - 31. Calculate g(d).
0
Suppose 10 = 3*u + 2*u. Let p(y) = y - 6*y**2 - u*y - y**3 - 3*y. Suppose -2*j - 4*g - 26 = 0, 0 = 3*j + 2*j + 2*g + 33. Determine p(j).
-5
Let p(k) = -5*k + 1. Let m(d) = 14*d - 4. Let t(c) = -6*m(c) - 17*p(c). Calculate t(0).
7
Let p(b) be the second derivative of -b**5/20 + b**4/3 + 5*b**3/6 + 3*b**2 - b. Suppose 0 = -5*d + 13 + 12. Calculate p(d).
6
Suppose -3*v = 2*u - 3*u + 16, 2*v - 4 = -3*u. Suppose -9 = -7*y + 4*y. Let j(p) = -p**2 - u + 0*p**y + 3 - p - p**3. Determine j(-1).
0
Let j be ((-2)/6)/(3/(-27)). Let h(z) = 2*z**2 + 5*z - 3. Let r(m) = -m**2. Let d(i) = -h(i) - 4*r(i). Determin